= 7*n(a) + 4*v(a). Calculate z(-9).
10
Let j be -1 - -10 - (-14 + (-56)/(-8) - 5). Let q(w) be the second derivative of 1/2*w**2 - 1/2*w**5 - 1/6*w**4 - j*w + 0*w**3 + 0. Calculate q(-1).
9
Let g be 2002 + -14 + 0/1. Let p(y) = -1995 - g + 3986 + 2*y - y. Give p(10).
13
Let j(m) = -7*m**2 - 12*m - 2. Let i(f) = -f**2 + 1. Let o(z) = 6*i(z) - j(z). Suppose -3*d = -3*x - 30, -3*x = -101*d + 105*d + 37. Give o(x).
-3
Let g(n) = 2*n**2 - 25*n - 31. Let d = 14380 + -14366. Calculate g(d).
11
Let c(v) = -v**3 + 3*v**2 + 6*v + 8. Suppose -148 = -18*o + 92*o. Give c(o).
16
Let p be -3 + (2 - (-7 - -2)). Suppose 0 = -p*w + 4 - 152. Let q = 36 + w. Let z(t) = -18*t - 1. Give z(q).
17
Let q(n) = -n**3 - 25*n**2 - 42*n + 80. Let o be 2001/(-58)*(4/6 + 0). Let w be q(o). Let u(m) = m**2 + 14*m + 18. Give u(w).
-6
Let a(w) = -w**3 - 14*w**2 - 27*w - 30. Let q be a(-12). Let v(h) = 66*h + 5 - 31*h - 34*h - q. What is v(-1)?
-2
Let l(w) = -2*w**3 + 11*w + 3*w**3 + 1171671*w**2 + 15 - 1171685*w**2. Determine l(13).
-11
Let q(j) = -2*j**3 + 8*j**2 - 7. Let u = 5322 - 5318. What is q(u)?
-7
Let n(p) = -p**3 + 5*p**2 - 2*p - 2. Let l(q) = q - 13. Let a be l(16). Let j = a + -2. Let y be j - (-2 - (-4 + 5)). Determine n(y).
6
Let t(g) = 184*g + 29. Let b(n) = -256*n - 44. Let u(f) = 5*b(f) + 7*t(f). Give u(3).
7
Let h(c) be the second derivative of 3*c**4/4 + c**3/3 - 7*c**2/2 + 8*c. Let z be h(3). Let d = -84 + z. Let n(b) = b - 1. Calculate n(d).
-5
Let o(l) = 11*l**3 - l**2 - 6*l - 1. Let i(d) = d**3 - d**2 - 2*d. Suppose 11*q - 49 = -27. Let g(n) = q*i(n) - o(n). Calculate g(-1).
7
Let j(c) = 7*c**3 + 51*c**2 + 10*c + 15. Let p(q) = -3*q**3 - 19*q**2 - 3*q - 5. Let t(y) = 3*j(y) + 8*p(y). Determine t(-3).
77
Let c be -2 + -15 - (0 - -6). Let t = c + 28. Let x(z) = 2*z + 7. Calculate x(t).
17
Let k(a) = 2*a**2 + 2*a + 3. Let g(m) = -281*m + 560. Let i be g(2). Determine k(i).
7
Let b(x) = 10*x + 27*x + 81*x + 9 - 24 + 24. Calculate b(0).
9
Let p(h) = -4*h - 2. Let r(l) = 2*l**2 + 32*l - 20. Let n(x) = p(x) + r(x). What is n(-14)?
-22
Let z(r) = 19*r - 19. Let y(x) = -10*x + 10. Let a(h) = -11*y(h) - 6*z(h). Suppose -4*o + v = -5, -5*o + 0*v - 20 = -5*v. Calculate a(o).
-8
Suppose 4*a = 10 - 102. Let g(s) = -s**2 - 24*s - 30. Let l be g(a). Let d(w) = -w - 19. Determine d(l).
-12
Let r = -1111 - -1096. Let l(s) be the second derivative of s**5/20 + 5*s**4/4 + s**3/6 + 3*s**2/2 + 18*s. Calculate l(r).
-12
Let i(v) = v + 1 + 4 + 5. Let t(o) = o**3 + o**2 - 8*o + 4. Let d be (-18)/15*45/(-27). Let x be t(d). Determine i(x).
10
Suppose l + 300*r - 295*r + 34 = 0, 3*r + 18 = 0. Let i(c) = 2*c**2 + 6*c + 4. Give i(l).
12
Let z(l) = -115 - 4*l**2 + 6*l**2 + 119 - 3*l**2. Let n be z(2). Let h(p) = -8 + p**3 - 3*p + 7*p**2 - 8*p**2 + 2*p. Determine h(n).
-8
Let i be (-27 - -106)*(14 + 3 + -6). Let o = 875 - i. Let w(b) = -b. Give w(o).
-6
Let l(a) be the third derivative of 7/24*a**4 + 0*a + 5*a**2 + 17 - 1/6*a**3. What is l(6)?
41
Suppose 5*z + 119 - 224 = 0. Let y = z + -21. Let b(s) = s**2 - 6. Calculate b(y).
-6
Suppose 9*u + 179 = -271. Let s = -68 - u. Let k be s/4*34/51. Let b(y) = -y**2 - 6*y - 4. What is b(k)?
5
Let w be (13 - (710/60 - -1)) + (-104)/48. Let g(t) = -2*t**3 - t**2 + 4*t + 4. Let z(b) = -b**3 + 3*b + 3. Let j(o) = 3*g(o) - 4*z(o). What is j(w)?
4
Suppose 3*h - 3*a + 27 = -0*h, 0 = -2*h - 5*a - 18. Let n be h/12 - (1 + 22/(-8)). Let k(u) = 6*u**3 + 1. Calculate k(n).
7
Let b(h) = -36 - 57*h**3 + 2*h + 0*h**3 + 60 - 2*h**2 + h**2 - 26. Calculate b(1).
-58
Let u(g) = -74*g**2 - 30*g - 25. Let s(c) = -59*c**2 - 31*c - 27. Let j(f) = -5*s(f) + 4*u(f). What is j(36)?
-1
Let t be 45/10*((-28)/(-63) - 0) + 0. Let x(j) = -2*j**2 - 4*j + 14. What is x(t)?
-2
Suppose -2*k + 4*k = 4*b + 24, -2*k - 4*b = 8. Suppose k*z - 5*z + 3*j - 12 = 0, -z - j = -4. Let r(x) = -4 + z*x**2 + 2*x**2 - 3*x**2 - 7 - 7*x. Give r(-8).
-19
Let s(c) = -5275*c - 2 + 2633*c + 2644*c + 3. Suppose -2*b = 4*o + 14, 4*b + 38 = -4*o + 14. Let v(d) = 3*d**2 + d. Let j be v(o). Give s(j).
5
Let p be 5/10 - (-62)/4. Let y(u) = -2*u + 35. Let x be y(p). Suppose -24 + 3 = -3*q - d, -x*q - 5*d = -21. Let r(m) = -m + 4. Give r(q).
-3
Let a(t) = 2*t**2 - 78*t - 250. Let k be a(-3). Let f(o) = -7*o. Calculate f(k).
-14
Let k be 1 - -1*5/(-5). Let z = -5 + 1. Let t be (-2 - k) + 2 + z. Let q(g) = -g**3 - 5*g**2 - 3*g + 3. What is q(t)?
-1
Let n(u) = 10*u + 5*u - 27 - 13*u + 5*u. Let h(q) = -8*q + 29. Let p(k) = -6*h(k) - 7*n(k). Calculate p(7).
8
Let b(x) be the second derivative of 7*x**3/6 - 15*x**2/2 - 41*x. Let l(y) = 6*y - 17. Let w(m) = 3*b(m) - 4*l(m). Give w(7).
2
Let h(n) = 2*n**3 + 7*n**2 - 14*n + 7. Let u be h(-5). Suppose u*y - 4 = -2. Let i(j) = 2*j**2 + 1. What is i(y)?
3
Suppose -i - z - 3 = 0, -i - 1202 = 5*z - 1227. Let o(a) = 97*a + 963. Determine o(i).
-7
Let k(t) = -3*t**2 + 34*t - 17. Let h(a) = 2*a**2 - 21*a + 7. Let y(m) = -5*h(m) - 3*k(m). Determine y(-7).
-54
Let p(b) = 16*b**3 + b**2 - 1. Let c = 52 - 40. Let i be (-1)/((c/(-4))/3). Let f be (-4 - i - -2)*1/3. Determine p(f).
-16
Let v(z) = -z**2 - 12. Suppose m - 63 = 111. Let y = m - 174. Determine v(y).
-12
Let r(z) be the third derivative of -z**5/60 + z**4/3 + z**3 - 1793*z**2. Calculate r(5).
21
Let k(f) = -69*f + 544. Let j(i) = -201*i - 997. Let n be j(-5). Calculate k(n).
-8
Let r(j) be the first derivative of 2*j**3/3 + 4*j**2 - 7*j - 1729. Calculate r(-5).
3
Suppose 0 = -5*v - 2*s - 162, -7*s = -3*v - 3*s - 92. Let q be (20/16)/(8/v). Let a(y) be the second derivative of y**3/6 + 3*y**2/2 - y. Give a(q).
-2
Let h(w) = 3*w + 51. Suppose -905*d + 450*d + 440*d = -330. Determine h(d).
117
Let f(n) = 23*n**3 + 11*n**2 - 10*n - 21. Let p(i) = 10*i**3 + 5*i**2 - 5*i - 10. Let j(z) = 4*f(z) - 9*p(z). Determine j(-1).
-2
Let o(r) = -5*r - 329. Suppose 82*q + 148*q + 14950 = 0. What is o(q)?
-4
Let n(q) = -q**3 + 6*q**2 + 8*q - 12. Let l(b) = -b**3 - 2*b**2 + 20*b - 19. Let j be l(2). Calculate n(j).
53
Suppose 204*h + 8 = 189 - 1201. Let n(s) = 3*s**2 + 6*s - 7. Give n(h).
38
Let r(g) = g**3 - 9*g**2 + g + 1. Let y(l) = l**3 - 21*l**2 + 21*l - 16. Let b be y(20). Suppose -k + 14 - 1 = -u, 29 = 5*k + b*u. What is r(k)?
10
Let s(b) be the third derivative of 0 - 1/6*b**4 + 1/120*b**6 + 12*b**2 - 1/10*b**5 - b + 0*b**3. What is s(7)?
21
Let m(i) = -13. Let x(f) = f. Let s(h) = m(h) - 4*x(h). Let n be s(-10). Suppose 21 = 8*a - n. Let v(r) = r**2 - 4*r - 6. Calculate v(a).
6
Let i(z) be the second derivative of z**5/20 + 17*z**4/12 + z**3 + 9*z**2/2 - 499*z + 3. Calculate i(-17).
-93
Let k(q) = 19*q**3 - 32*q**2 + 8*q + 29. Let y(n) = 7*n**3 - 12*n**2 + 3*n + 10. Let o(l) = -3*k(l) + 8*y(l). Determine o(-3).
20
Let r = -75 - -91. Let k(w) = 5*w**3 + 12*w**3 - 6*w + 4*w**2 + 2 + 0 - r*w**3. Let d be 0 + -1 + 1 + -5. What is k(d)?
7
Let d be 4*((-10)/(-4) + -2)*2. Let o(v) = -4726*v**2 + 2 + 29*v + v**3 - 25*v + 4719*v**2. Calculate o(d).
-30
Let z(i) be the third derivative of -i**6/120 + i**5/6 - 23*i**4/24 + 5*i**3/3 + 228*i**2 - 2. Give z(7).
-4
Let o(y) = 7*y + 5*y**2 - 10*y**2 - 3 + 3*y**2. Let g = -15259 + 15264. Give o(g).
-18
Let q be 14*3/231*11. Let k(p) = p**2 - 3*p + 5. Determine k(q).
3
Let t = -46 - -52. Let f = t + -2. Suppose 0*j + f = -4*j. Let k(y) = -y**3 - y**2. Calculate k(j).
0
Let s(n) = -27 - 120 + 6*n - 48 + 28 + 4*n. Give s(17).
3
Suppose 55 = 2*q - v, 5*q + 2*v = 28 + 87. Let g(z) = -z + 27. Determine g(q).
2
Let k(i) = -84 + 46 - 705*i + 38 - 2*i**2 + 711*i. Give k(7).
-56
Let r(s) = 2*s**3 + 8*s**2 - 2*s - 15. Let k be r(-3). Let t(c) = -c**3 + 8*c**2 + 5*c - 6. Determine t(k).
-42
Let v(o) = -o**3 - 4*o**2 + 7*o + 5. Suppose -5*g - 18 - 12 = 0. Let x = g + 10. Suppose -10 = 2*y - f, 4*f = x*y - 9*y - 25. Give v(y).
-5
Let j(c) = -3*c**3 + 4*c**2 - 9*c + 35. Let x(a) = -7*a**3 + 9*a**2 - 20*a + 70. Let q(d) = -9*j(d) + 4*x(d). Calculate q(0).
-35
Let c(r) = -10*r + 216. Let i(l) = 6. Let v(f) = 2*f - 79. Let h(m) = -6*i(m) - v(m). Let a(z) = 2*c(z) - 11*h(z). Give a(22).
3
Suppose 3*p = x - 2, -59 = -4*x - 305*p + 300*p. Let b(v) = v**2 - 14*v + 24. Determine b(x).
-9
Let u(h) = 2*h - 3. Suppose 9 + 0 = -3*d. Let a be ((-36)/(-21))/((-6)/(-21)). Let x = d + a. Calculate u(x).
3
Let p(i) = -